 h(2).
72
Let n(b) = b**3 - 5*b**2 - 13*b + 6. Give n(7).
13
Let b(o) = 65*o + 1548. What is b(-24)?
-12
Let k(b) = -8*b - 3. Determine k(-5).
37
Let a(y) = -19*y**2 - 5*y + 7. What is a(2)?
-79
Let d(w) = w**3 - 15*w**2 + 14*w - 12. Calculate d(14).
-12
Let p(i) = -i**2 + 21. What is p(-5)?
-4
Let h(l) = -l**3 + 6*l**2 + 4. What is h(7)?
-45
Let p(h) = -3*h**2 + 4*h - 2. Give p(2).
-6
Let q(r) = r**2 + 22*r + 91. Give q(-14).
-21
Let h(l) = -7*l - 139. Give h(-25).
36
Let r(f) = -3*f**2 + 32*f - 75. What is r(7)?
2
Let x(g) = g**3 + 28*g**2 + 3*g + 33. Give x(-28).
-51
Let h(n) = -9*n + 4. Calculate h(1).
-5
Let o(m) = -4*m - 48. Give o(-11).
-4
Let c(h) = h**2 - 52*h + 124. Give c(50).
24
Let s(l) = -l**2 + 11*l + 59. What is s(-4)?
-1
Let u(l) = -l**3 - 8*l**2 - 11*l - 24. Calculate u(-7).
4
Let a(b) = -b**3 - 15*b**2 - 17*b. Calculate a(-14).
42
Let g(b) = b**3 + 9*b**2 + 16*b + 8. Give g(-7).
-6
Let x(f) = -5*f + 6. Determine x(8).
-34
Let w(t) = t**2 - 10*t - 11. What is w(11)?
0
Let y(q) = q - 15. Give y(5).
-10
Let h(q) = -30*q**2 + q + 1. Calculate h(-1).
-30
Let r(s) = 12*s + 3. Calculate r(-5).
-57
Let f(s) = -s**3 - 11*s**2 + 45*s + 39. Calculate f(-14).
-3
Let g(j) = 28*j + 1. Determine g(1).
29
Let k(p) = -3*p + 26. Give k(6).
8
Let s(a) = a**2 - 4*a - 5. Calculate s(4).
-5
Let k(a) = -3*a**3 + 2*a**2 + 6*a - 4. Calculate k(3).
-49
Let v(n) = 84*n + 163. Determine v(-2).
-5
Let l(b) = b**3 + 12*b**2 - 5. Give l(-12).
-5
Let u(g) = -g**3 - 7*g**2 - 6*g - 38. Give u(-7).
4
Let k(x) = -x**2 + 6*x - 18. Calculate k(-10).
-178
Let i(q) = 2*q + 36. What is i(-21)?
-6
Let w(n) = n**3 - 32*n**2 - 106*n + 41. Determine w(35).
6
Let q(v) = -4*v**2 - 21*v + 2. Give q(-5).
7
Let v(r) = -2*r - 14. Calculate v(-11).
8
Let g(t) = 7*t + 54. What is g(-8)?
-2
Let l(u) = u - 13. Calculate l(11).
-2
Let f(j) = 2*j**3 - 130*j**2 + 126*j + 118. Give f(64).
-10
Let u(d) = -5*d**2 + 3*d + 2. Give u(-1).
-6
Let q(a) = 2*a**3 + 2*a**2 - 5*a + 4. Give q(1).
3
Let w(s) = s**2 + 20*s - 16. Determine w(-21).
5
Let f(h) = -3*h - 55. Give f(-20).
5
Let t(c) = -27*c**2 + c. Determine t(1).
-26
Let m(n) = -n**3 + 12*n + 7. Calculate m(4).
-9
Let l(p) = 7*p + 74. Determine l(-12).
-10
Let j(s) = -8*s**3 - s**2 - 2*s. What is j(-1)?
9
Let l(c) = c**3 - 6*c**2 + 4*c - 1. Calculate l(5).
-6
Let n(d) = -d**3 - 8*d**2 - 9*d - 18. Give n(-8).
54
Let h(n) = n**3 + 8*n**2 + 2. Give h(-9).
-79
Let t(m) = -8*m - 32. Determine t(-5).
8
Let x(z) = -104*z - 8. Give x(-1).
96
Let f(u) = 5*u**2 - 3*u. Give f(2).
14
Let w(f) = 2*f**2 + 29*f + 36. What is w(-15)?
51
Let x(v) = -11*v - 1. What is x(7)?
-78
Let p(l) = -l**2 - 13*l + 18. What is p(-14)?
4
Let b(n) = -n**3 + 23*n**2 - 9. Calculate b(23).
-9
Let r(l) = l**3 + 9*l**2 - 2*l - 51. Determine r(-8).
29
Let t(b) = 5*b**2 + 2*b + 4. What is t(-1)?
7
Let q(z) = z**2 + 6*z + 4. What is q(-5)?
-1
Let m(j) = -50*j**2 + j + 1. Determine m(1).
-48
Let y(g) = -g**2 + 15*g - 7. Determine y(11).
37
Let p(d) = -16*d**3 - 1. Calculate p(1).
-17
Let s(o) = -o**3 + 16*o**2 - 15*o - 9. What is s(15)?
-9
Let q(g) = -2*g**2. Calculate q(-3).
-18
Let f(g) = g**2 - 20*g + 85. Calculate f(10).
-15
Let q(k) = -k + 29. Calculate q(19).
10
Let m(t) = t**2 + 10*t + 21. Calculate m(-3).
0
Let f(s) = -s**3 - 11*s - 8. Calculate f(0).
-8
Let c(f) = f**3 - 5*f**2 + 2. Determine c(4).
-14
Let w(p) = -p**2 + 14*p + 8. Calculate w(15).
-7
Let j(f) = -f**3 - 9*f**2 - 2. Give j(-9).
-2
Let t(x) = 15*x + 381. Determine t(-25).
6
Let p(r) = -r**2 - 7*r + 4. Calculate p(-6).
10
Let a(h) = -3*h + 22. Calculate a(6).
4
Let o(w) = -2*w**3 - 8*w**2 - 6*w - 9. Determine o(-5).
71
Let p(m) = -7*m - 3. Determine p(-3).
18
Let p(c) = -11*c - 5. Give p(6).
-71
Let b(t) = -t**2 - 13*t + 14. Give b(-13).
14
Let x(t) = -t + 4. Determine x(0).
4
Let h(x) = 4*x - 7. Determine h(5).
13
Let c(d) = -d**2 + 6*d + 37. Give c(-5).
-18
Let l(r) = 6*r + 9. Determine l(-2).
-3
Let x(f) = -f**2 + 15*f - 43. What is x(10)?
7
Let z(m) = m**3 + 12*m**2 - 8*m - 3. Give z(-12).
93
Let u(m) = -2*m**3 - 15*m**2 - 9*m - 10. Determine u(-7).
4
Let p(c) = -4*c - 123. What is p(-31)?
1
Let f(d) = 6*d + 1. Determine f(2).
13
Let o(s) = -2*s**2 - 13*s - 8. Determine o(-8).
-32
Let q(w) = -w**3 - 7*w**2 - 4*w - 20. What is q(-7)?
8
Let o(y) = -y**3 - 8*y**2 - 6*y + 10. What is o(-7)?
3
Let p(c) = c**3 - 6*c**2 - c - 8. Give p(6).
-14
Let a(n) = -11*n - 12. Calculate a(-3).
21
Let m(k) = -k**2 + 10*k. Give m(8).
16
Let w(x) = 32*x + 229. Give w(-7).
5
Let u(m) = -6*m + 1. Determine u(3).
-17
Let x(g) = g. Determine x(-2).
-2
Let i(p) = p**3 - 16*p**2 + 15*p - 7. Calculate i(15).
-7
Let w(y) = 5*y**3 + 3*y**2 - 2*y - 5. Determine w(-2).
-29
Let h(j) = -j**3 + 6*j**2 + 6*j + 6. Give h(7).
-1
Let j(z) = -z - 18. What is j(-24)?
6
Let u(g) = -14*g + 49. Determine u(-7).
147
Let z(i) = 4*i**3 + 12*i**2 + 6*i - 5. Determine z(-3).
-23
Let k(q) = -33*q - 19. Calculate k(-3).
80
Let v(a) = a**3 - 12*a**2 + 29*a - 5. Give v(8).
-29
Let x(u) = -u**3 + 8*u**2 + 10*u - 1. What is x(10)?
-101
Let k(s) = -5*s - 38. Calculate k(-9).
7
Let o(u) = -u**2 + 56*u + 303. Give o(-5).
-2
Let f(z) = -z**3 + 5*z**2 - 4*z + 2. Calculate f(2).
6
Let t(o) = -o**2 + 2*o + 16. Give t(6).
-8
Let o(t) = t**2 - t - 77. Give o(-8).
-5
Let o(s) = 2*s**3 - 33*s**2 - 18*s + 31. Give o(17).
14
Let x(i) = -i**3 - 7*i**2 - 2*i - 6. Calculate x(-5).
-46
Let m(u) = -u**2 + 2*u - 4. Calculate m(0).
-4
Let h(a) = -a - 8. What is h(-12)?
4
Let z(g) = -67*g + 51. What is z(4)?
-217
Let i(v) = v**3 - 4*v**2 - 3*v + 7. Determine i(3).
-11
Let i(r) = r**2 - r - 16. What is i(3)?
-10
Let u(v) = v**2 - 7*v + 17. Determine u(8).
25
Let v(z) = -z**3 + 8*z**2 - z + 3. What is v(8)?
-5
Let r(q) = 5*q**3 - q**2 + 4. What is r(2)?
40
Let o(h) = -9*h - 32. Determine o(-3).
-5
Let s(m) = 6*m - 7. Give s(-5).
-37
Let w(t) = 2*t**2 - 10*t - 98. Give w(10).
2
Let j(w) = 17*w + 476. Determine j(-28).
0
Let g(z) = z**3 - 2*z**2 + 2*z + 1. Calculate g(3).
16
Let a(j) = j + 14. Calculate a(-15).
-1
Let n(h) = 4*h - 14. Determine n(6).
10
Let u(v) = v**3 - 2*v**2 - 3*v + 25. Calculate u(4).
45
Let o(k) = -k - 11. Give o(-4).
-7
Let o(t) = t**2 - 22*t - 2. What is o(21)?
-23
Let c(j) = -j**3 - 17*j**2 - 16*j - 17. Give c(-16).
-17
Let g(p) = p**3 - 2*p**2 - 2*p + 4. Calculate g(3).
7
Let y(a) = a + 10. What is y(-5)?
5
Let y(o) = -o**3 + 9*o**2 - 64. Determine y(8).
0
Let j(b) = 9*b - 167. Calculate j(18).
-5
Let l(b) = b**3 - 17*b**2 + 31*b - 13. Determine l(15).
2
Let k(h) = -h**3 + 25*h**2 + 82*h + 58. Calculate k(28).
2
Let g(u) = -9*u - 16. Determine g(-15).
119
Let c(x) = -8*x**2 + 3*x - 14. Give c(0).
-14
Let c(z) = -z**2 + 35*z - 146. What is c(30)?
4
Let f(n) = n + 4. Determine f(5).
9
Let y(z) = z**2 - 15*z - 171. Determine y(-7).
-17
Let w(h) = 17*h - 79. Determine w(5).
6
Let t(r) = r**2 + 2*r - 14. Calculate t(0).
-14
Let x(j) = -j**2 - 2*j - 4. What is x(0)?
-4
Let n(c) = 3*c**2 + 20*c + 9. Give n(-6).
-3
Let o(g) = g + 1. What is o(-4)?
-3
Let w(c) = -c**2 + 6*c - 1. Determine w(7).
-8
Let r(o) = -2*o**2 - 4*o + 7. Determine r(-5).
-23
Let r(w) = 3*w**3 - 8*w**2 + w - 5. Give r(2).
-11
Let l(i) = -i**2 - 30*i - 54. What is l(-28)?
2
Let s(w) = -w. What is s(5)?
-5
Let k(r) = -3*r**2 + 19*r. What is k(10)?
-110
Let v(t) = t**3 - 24*t**2 - 28*t + 23. Determine v(25).
-52
Let c(d) = -d**3 + 6*d**2 - 4*d + 8. What is c(4)?
24
Let c(m) = -m**2 + m. Determine c(1).
0
Let o(g) = g**2 + 4*g - 13. Calculate o(-6).
-1
Let r(q) = -q**2 - 16*q + 21. Calculate r(-17).
4
Let i(d) = 59*d**2 + 6*d + 5. Give i(-1).
58
Let j(w) = w**2 + 32*w + 46. Give j(-30).
-14
Let s(w) = -w**3 - 7*w**2 + w - 8. What is s(-7)?
-15
Let m(s) = 13*s - 45. Calculate m(12).
111
Let p(y) = 2*y**2 - y + 1. What is p(-3)?
22
Let b(p) = p**3 - 8*p**2 - 7*p + 22. Give b(4).
-70
Let g(k) = -2*k + 6. Determine g(4).
-2
Let z(i) = i**3 + 3*i**2 + 2*i + 4. What is z(-2)?
4
Let d(g) = g**2 + 11*g - 6. What is d(-5)?
-36
Let d(h) = 7*h + 25. What is d(-4)?
-3
Let c(k) = -k**3 + 5*k**2 + k + 5. Determine c(5).
10
Let o(k) = -7*k - 52. What is o(-10)?
18
Let c(w) = -2*w + 5. What is c(14)?
-23
Let u(n) = 3*n**2 + 21*n - 3. Calculate u(-6).
-21
Let v(m) = -2*m**2 - 5*m - 2. What is v(-5)?
-27
L